{"id":273,"date":"2018-08-23T10:18:25","date_gmt":"2018-08-23T14:18:25","guid":{"rendered":"https:\/\/valora.ca\/?page_id=273"},"modified":"2018-08-23T10:28:35","modified_gmt":"2018-08-23T14:28:35","slug":"3-icons-mission","status":"publish","type":"page","link":"https:\/\/valora.ca\/fr\/3-icons-mission\/","title":{"rendered":"3 Icons accueil"},"content":{"rendered":"<div id=\"pl-273\"  class=\"panel-layout\" ><div id=\"pg-273-0\"  class=\"panel-grid panel-no-style\" ><div id=\"pgc-273-0-0\"  class=\"panel-grid-cell\" ><div id=\"panel-273-0-0-0\" class=\"so-panel widget widget_text panel-first-child panel-last-child\" data-index=\"0\" >\t\t\t<div class=\"textwidget\"><div class=\"icon\">\n<div class=\"rocket\"><img decoding=\"async\" loading=\"lazy\" class=\"alignnone size-full wp-image-243\" src=\"https:\/\/valora.ca\/wp-content\/uploads\/2018\/08\/icon-mission.png\" alt=\"\" width=\"80\" height=\"80\" srcset=\"https:\/\/valora.ca\/wp-content\/uploads\/2018\/08\/icon-mission.png 80w, https:\/\/valora.ca\/wp-content\/uploads\/2018\/08\/icon-mission-70x70.png 70w\" sizes=\"(max-width: 80px) 100vw, 80px\" \/><\/div>\n<\/div>\n<div class=\"icon-text\">\n<h3>Notre mission<\/h3>\n<p>Unir les efforts de la communaut\u00e9 de fa\u00e7on \u00e0 joindre et \u00e0 autonomiser les survivantes de violence conjugale.<\/p>\n<\/div>\n<\/div>\n\t\t<\/div><\/div><div id=\"pgc-273-0-1\"  class=\"panel-grid-cell\" ><div id=\"panel-273-0-1-0\" class=\"so-panel widget widget_text panel-first-child panel-last-child\" data-index=\"1\" >\t\t\t<div class=\"textwidget\"><div class=\"icon\">\n<div class=\"briefcase\"><img decoding=\"async\" loading=\"lazy\" class=\"alignnone size-full wp-image-239\" src=\"https:\/\/valora.ca\/wp-content\/uploads\/2018\/08\/icon-vision.png\" alt=\"\" width=\"80\" height=\"80\" srcset=\"https:\/\/valora.ca\/wp-content\/uploads\/2018\/08\/icon-vision.png 80w, https:\/\/valora.ca\/wp-content\/uploads\/2018\/08\/icon-vision-70x70.png 70w\" sizes=\"(max-width: 80px) 100vw, 80px\" \/><\/div>\n<\/div>\n<div class=\"icon-text\">\n<h3>Notre vision<\/h3>\n<p>Faire en sorte que les femmes de partout au pays aient les ressources, les possibilit\u00e9s et la confiance en soi n\u00e9cessaires pour prendre le contr\u00f4le sur leur vie.<\/p>\n<\/div>\n<\/div>\n\t\t<\/div><\/div><div id=\"pgc-273-0-2\"  class=\"panel-grid-cell\" ><div id=\"panel-273-0-2-0\" class=\"so-panel widget widget_text panel-first-child panel-last-child\" data-index=\"2\" >\t\t\t<div class=\"textwidget\"><div class=\"icon\">\n<div class=\"life-ring\"><img decoding=\"async\" loading=\"lazy\" class=\"alignnone size-full wp-image-241\" src=\"https:\/\/valora.ca\/wp-content\/uploads\/2018\/08\/icon-help.png\" alt=\"\" width=\"80\" height=\"80\" srcset=\"https:\/\/valora.ca\/wp-content\/uploads\/2018\/08\/icon-help.png 80w, https:\/\/valora.ca\/wp-content\/uploads\/2018\/08\/icon-help-70x70.png 70w\" sizes=\"(max-width: 80px) 100vw, 80px\" \/><\/div>\n<\/div>\n<div class=\"icon-text\">\n<h3>Vous avez besoin d\u2019aide?<\/h3>\n<p>Appelez SOS violence conjugale en tout temps au <strong style=\"font-size: 18px;\">1-800-363-9010<\/strong><\/p>\n<p>Information de soutien et de r\u00e9f\u00e9rence gratuits, anonymes et confidentiels<\/p>\n<\/div>\n<\/div>\n\t\t<\/div><\/div><\/div><\/div>","protected":false},"excerpt":{"rendered":"<p>Notre mission Unir les efforts de la communaut\u00e9 de fa\u00e7on \u00e0 joindre et \u00e0 autonomiser les survivantes de violence conjugale.<\/p>\n","protected":false},"author":1,"featured_media":0,"parent":0,"menu_order":0,"comment_status":"closed","ping_status":"closed","template":"template-home.php","meta":{"footnotes":""},"_links":{"self":[{"href":"https:\/\/valora.ca\/fr\/wp-json\/wp\/v2\/pages\/273"}],"collection":[{"href":"https:\/\/valora.ca\/fr\/wp-json\/wp\/v2\/pages"}],"about":[{"href":"https:\/\/valora.ca\/fr\/wp-json\/wp\/v2\/types\/page"}],"author":[{"embeddable":true,"href":"https:\/\/valora.ca\/fr\/wp-json\/wp\/v2\/users\/1"}],"replies":[{"embeddable":true,"href":"https:\/\/valora.ca\/fr\/wp-json\/wp\/v2\/comments?post=273"}],"version-history":[{"count":2,"href":"https:\/\/valora.ca\/fr\/wp-json\/wp\/v2\/pages\/273\/revisions"}],"predecessor-version":[{"id":282,"href":"https:\/\/valora.ca\/fr\/wp-json\/wp\/v2\/pages\/273\/revisions\/282"}],"wp:attachment":[{"href":"https:\/\/valora.ca\/fr\/wp-json\/wp\/v2\/media?parent=273"}],"curies":[{"name":"wp","href":"https:\/\/api.w.org\/{rel}","templated":true}]}}

<div id="pl-273"  class="panel-layout" ><div id="pg-273-0"  class="panel-grid panel-no-style" ><div id="pgc-273-0-0"  class="panel-grid-cell" ><div id="panel-273-0-0-0" class="so-panel widget widget_text panel-first-child panel-last-child" data-index="0" >			<div class="textwidget"><div class="icon">
<div class="rocket"><img decoding="async" loading="lazy" class="alignnone size-full wp-image-243" src="https://valora.ca/wp-content/uploads/2018/08/icon-mission.png" alt="" width="80" height="80" srcset="https://valora.ca/wp-content/uploads/2018/08/icon-mission.png 80w, https://valora.ca/wp-content/uploads/2018/08/icon-mission-70x70.png 70w" sizes="(max-width: 80px) 100vw, 80px" /></div>
</div>
<div class="icon-text">
<h3>Notre mission</h3>
<p>Unir les efforts de la communauté de façon à joindre et à autonomiser les survivantes de violence conjugale.</p>
</div>
</div>
		</div></div><div id="pgc-273-0-1"  class="panel-grid-cell" ><div id="panel-273-0-1-0" class="so-panel widget widget_text panel-first-child panel-last-child" data-index="1" >			<div class="textwidget"><div class="icon">
<div class="briefcase"><img decoding="async" loading="lazy" class="alignnone size-full wp-image-239" src="https://valora.ca/wp-content/uploads/2018/08/icon-vision.png" alt="" width="80" height="80" srcset="https://valora.ca/wp-content/uploads/2018/08/icon-vision.png 80w, https://valora.ca/wp-content/uploads/2018/08/icon-vision-70x70.png 70w" sizes="(max-width: 80px) 100vw, 80px" /></div>
</div>
<div class="icon-text">
<h3>Notre vision</h3>
<p>Faire en sorte que les femmes de partout au pays aient les ressources, les possibilités et la confiance en soi nécessaires pour prendre le contrôle sur leur vie.</p>
</div>
</div>
		</div></div><div id="pgc-273-0-2"  class="panel-grid-cell" ><div id="panel-273-0-2-0" class="so-panel widget widget_text panel-first-child panel-last-child" data-index="2" >			<div class="textwidget"><div class="icon">
<div class="life-ring"><img decoding="async" loading="lazy" class="alignnone size-full wp-image-241" src="https://valora.ca/wp-content/uploads/2018/08/icon-help.png" alt="" width="80" height="80" srcset="https://valora.ca/wp-content/uploads/2018/08/icon-help.png 80w, https://valora.ca/wp-content/uploads/2018/08/icon-help-70x70.png 70w" sizes="(max-width: 80px) 100vw, 80px" /></div>
</div>
<div class="icon-text">
<h3>Vous avez besoin d’aide?</h3>
<p>Appelez SOS violence conjugale en tout temps au <strong style="font-size: 18px;">1-800-363-9010</strong></p>
<p>Information de soutien et de référence gratuits, anonymes et confidentiels</p>
</div>
</div>
		</div></div></div></div>

<p>Notre mission Unir les efforts de la communauté de façon à joindre et à autonomiser les survivantes de violence conjugale.</p>
